{"id":1159,"date":"2021-07-09T01:29:28","date_gmt":"2021-07-09T01:29:28","guid":{"rendered":"https:\/\/akturkhelva.com\/?page_id=1159"},"modified":"2022-04-23T22:07:41","modified_gmt":"2022-04-23T22:07:41","slug":"veri-sorumlusu-basvuru-formu","status":"publish","type":"page","link":"https:\/\/akturkhelva.com\/index.php\/veri-sorumlusu-basvuru-formu\/","title":{"rendered":"Veri Sorumlusu Ba\u015fvuru Formu"},"content":{"rendered":"\t\t<div data-elementor-type=\"wp-page\" data-elementor-id=\"1159\" class=\"elementor elementor-1159\">\n\t\t\t\t\t\t\t\t\t<section class=\"elementor-section elementor-top-section elementor-element elementor-element-e73cc15 elementor-section-boxed elementor-section-height-default elementor-section-height-default\" data-id=\"e73cc15\" data-element_type=\"section\" data-settings=\"{&quot;_ha_eqh_enable&quot;:false}\">\n\t\t\t\t\t\t<div class=\"elementor-container elementor-column-gap-default\">\n\t\t\t\t\t<div class=\"elementor-column elementor-col-100 elementor-top-column elementor-element elementor-element-3f6d5ba\" data-id=\"3f6d5ba\" data-element_type=\"column\">\n\t\t\t<div class=\"elementor-widget-wrap elementor-element-populated\">\n\t\t\t\t\t\t\t\t<div class=\"elementor-element elementor-element-fcfa204 elementor-widget elementor-widget-heading\" data-id=\"fcfa204\" data-element_type=\"widget\" data-widget_type=\"heading.default\">\n\t\t\t\t<div class=\"elementor-widget-container\">\n\t\t\t<h2 class=\"elementor-heading-title elementor-size-default\">6698 SAYILI K\u0130\u015e\u0130SEL VER\u0130LER\u0130N KORUNMASI HAKKINDA KANUN\nKAPSAMINDA\nVER\u0130 SORUMLUSUNA BA\u015eVURU FORMU\n<\/h2>\t\t<\/div>\n\t\t\t\t<\/div>\n\t\t\t\t\t<\/div>\n\t\t<\/div>\n\t\t\t\t\t\t\t<\/div>\n\t\t<\/section>\n\t\t\t\t<section class=\"elementor-section elementor-top-section elementor-element elementor-element-ced7741 elementor-section-boxed elementor-section-height-default elementor-section-height-default\" data-id=\"ced7741\" data-element_type=\"section\" data-settings=\"{&quot;_ha_eqh_enable&quot;:false}\">\n\t\t\t\t\t\t<div class=\"elementor-container elementor-column-gap-default\">\n\t\t\t\t\t<div class=\"elementor-column elementor-col-100 elementor-top-column elementor-element elementor-element-5a5c86d\" data-id=\"5a5c86d\" data-element_type=\"column\">\n\t\t\t<div class=\"elementor-widget-wrap elementor-element-populated\">\n\t\t\t\t\t\t\t\t<div class=\"elementor-element elementor-element-47772ba elementor-widget elementor-widget-text-editor\" data-id=\"47772ba\" data-element_type=\"widget\" data-widget_type=\"text-editor.default\">\n\t\t\t\t<div class=\"elementor-widget-container\">\n\t\t\t\t\t\t\t<p><strong>GENEL A\u00c7IKLAMALAR: <\/strong><\/p><p>6698 Say\u0131l\u0131 Ki\u015fisel Verilerin Korunmas\u0131 Kanunu\u2019nda (KVKK) ilgili ki\u015fi olarak tan\u0131mlanan ki\u015fisel veri sahiplerine (Veri Sahibi) Kanun\u2019un 11. maddesinde ki\u015fisel verileri ile ilgili tan\u0131nan haklar\u0131 kullanabilece\u011fi ve bu haklar\u0131 kullanmak i\u00e7in Veri Sorumlusuna ba\u015fvurmas\u0131 gerekti\u011fi d\u00fczenlenmi\u015ftir.<\/p><p>Kanunun 13. maddesinin 1. f\u0131kras\u0131 gere\u011fince; Veri sorumlusu s\u0131fat\u0131yla Akt\u00fcrk \u015eekerli Mam\u00fcller \u00dcretim ve Pazarlama \u0130n\u015faat Sanayi ve Ticaret Limited \u015eirketi\u2019ne bu haklara ili\u015fkin olarak yap\u0131lacak ba\u015fvurular\u0131n yaz\u0131l\u0131 olarak veya Ki\u015fisel Verilerin Korunmas\u0131 Kurulu taraf\u0131ndan belirlenen di\u011fer y\u00f6ntemlerle taraf\u0131m\u0131za iletilmesi gerekmektedir.<\/p><p><strong>BA\u015eVURU YOLLARI:<\/strong><\/p><p>\u015eirketimize yaz\u0131l\u0131 olarak yap\u0131lacak ba\u015fvurular\u0131n;<\/p><ul><li>Kimlik tespitini sa\u011flayacak bir belge ile birlikte \u0131slak imzal\u0131 ba\u015fvuru formunun Macun Mahallesi 223. Cadde No: 12 Yenimahalle \/ Ankara adresine \u015fahsen ibraz etmek suretiyle,<\/li><li>Kimlik tespitini sa\u011flayacak bir belge ile birlikte eksiksiz olarak doldurulmu\u015f ba\u015fvuru formunun \u0131slak imzal\u0131 bir kopyas\u0131n\u0131 Macun Mahallesi 223. Cadde No: 12 Yenimahalle \/ Ankara adresine noter vas\u0131tas\u0131yla g\u00f6ndermek suretiyle,<\/li><li>\u0130\u015f bu ba\u015fvuru formunu 5070 say\u0131l\u0131 Elektronik \u0130mza Kanununda tan\u0131ml\u0131 olan \u201cg\u00fcvenli elektronik imza\u201d ile imzalayarak kvkk@akturkhelva.com.tr adresine Kay\u0131tl\u0131 Elektronik Posta (KEP) yoluyla g\u00f6ndermek suretiyle, taraf\u0131m\u0131za iletilmesi gerekmektedir.<\/li><\/ul><p>\u015eirketimize iletilmi\u015f olan ba\u015fvurular\u0131n\u0131z KVKK\u2019n\u0131n 13. maddesinin 2. f\u0131kras\u0131 gere\u011fince, talebinizin niteli\u011fine g\u00f6re talebinizin bizlere ula\u015ft\u0131\u011f\u0131 tarihten itibaren \u201cen k\u0131sa s\u00fcrede ve en ge\u00e7 30 g\u00fcn i\u00e7inde\u201d yan\u0131tland\u0131r\u0131lacakt\u0131r. Yan\u0131tlar\u0131m\u0131z KVKK\u2019n\u0131n 13. maddesi h\u00fckm\u00fc gere\u011fince yaz\u0131l\u0131 veya elektronik ortamdan taraf\u0131n\u0131za ula\u015ft\u0131r\u0131lacakt\u0131r.<\/p><p>Ba\u015fvuru formunu a\u015fa\u011f\u0131daki linklerden World veya PDF format\u0131nda indirebilirsiniz.<\/p>\t\t\t\t\t\t<\/div>\n\t\t\t\t<\/div>\n\t\t\t\t<section class=\"elementor-section elementor-inner-section elementor-element elementor-element-d56165c elementor-section-boxed elementor-section-height-default elementor-section-height-default\" data-id=\"d56165c\" data-element_type=\"section\" data-settings=\"{&quot;_ha_eqh_enable&quot;:false}\">\n\t\t\t\t\t\t<div class=\"elementor-container elementor-column-gap-default\">\n\t\t\t\t\t<div class=\"elementor-column elementor-col-50 elementor-inner-column elementor-element elementor-element-c654161\" data-id=\"c654161\" data-element_type=\"column\">\n\t\t\t<div class=\"elementor-widget-wrap elementor-element-populated\">\n\t\t\t\t\t\t\t\t<div class=\"elementor-element elementor-element-71514b5 elementor-align-center elementor-widget elementor-widget-button\" data-id=\"71514b5\" data-element_type=\"widget\" data-widget_type=\"button.default\">\n\t\t\t\t<div class=\"elementor-widget-container\">\n\t\t\t\t\t<div class=\"elementor-button-wrapper\">\n\t\t\t<a href=\"#\" class=\"elementor-button-link elementor-button elementor-size-sm\" role=\"button\">\n\t\t\t\t\t\t<span class=\"elementor-button-content-wrapper\">\n\t\t\t\t\t\t<span class=\"elementor-button-text\">World<\/span>\n\t\t<\/span>\n\t\t\t\t\t<\/a>\n\t\t<\/div>\n\t\t\t\t<\/div>\n\t\t\t\t<\/div>\n\t\t\t\t\t<\/div>\n\t\t<\/div>\n\t\t\t\t<div class=\"elementor-column elementor-col-50 elementor-inner-column elementor-element elementor-element-76973ec\" data-id=\"76973ec\" data-element_type=\"column\">\n\t\t\t<div class=\"elementor-widget-wrap elementor-element-populated\">\n\t\t\t\t\t\t\t\t<div class=\"elementor-element elementor-element-1a719e8 elementor-align-center elementor-widget elementor-widget-button\" data-id=\"1a719e8\" data-element_type=\"widget\" data-widget_type=\"button.default\">\n\t\t\t\t<div class=\"elementor-widget-container\">\n\t\t\t\t\t<div class=\"elementor-button-wrapper\">\n\t\t\t<a href=\"#\" class=\"elementor-button-link elementor-button elementor-size-sm\" role=\"button\">\n\t\t\t\t\t\t<span class=\"elementor-button-content-wrapper\">\n\t\t\t\t\t\t<span class=\"elementor-button-text\">PDF<\/span>\n\t\t<\/span>\n\t\t\t\t\t<\/a>\n\t\t<\/div>\n\t\t\t\t<\/div>\n\t\t\t\t<\/div>\n\t\t\t\t\t<\/div>\n\t\t<\/div>\n\t\t\t\t\t\t\t<\/div>\n\t\t<\/section>\n\t\t\t\t\t<\/div>\n\t\t<\/div>\n\t\t\t\t\t\t\t<\/div>\n\t\t<\/section>\n\t\t\t\t\t\t\t<\/div>\n\t\t","protected":false},"excerpt":{"rendered":"<p>6698 SAYILI K\u0130\u015e\u0130SEL VER\u0130LER\u0130N KORUNMASI HAKKINDA KANUN KAPSAMINDA VER\u0130 SORUMLUSUNA BA\u015eVURU FORMU GENEL A\u00c7IKLAMALAR: 6698 Say\u0131l\u0131 Ki\u015fisel Verilerin Korunmas\u0131 Kanunu\u2019nda (KVKK) ilgili ki\u015fi olarak tan\u0131mlanan ki\u015fisel veri sahiplerine (Veri Sahibi) Kanun\u2019un 11. maddesinde ki\u015fisel verileri ile ilgili tan\u0131nan haklar\u0131 kullanabilece\u011fi ve bu haklar\u0131 kullanmak i\u00e7in Veri Sorumlusuna ba\u015fvurmas\u0131 gerekti\u011fi d\u00fczenlenmi\u015ftir. Kanunun 13. maddesinin 1. f\u0131kras\u0131 &hellip;<\/p>\n<p class=\"read-more\"> <a class=\"\" href=\"https:\/\/akturkhelva.com\/index.php\/veri-sorumlusu-basvuru-formu\/\"> <span class=\"screen-reader-text\">Veri Sorumlusu Ba\u015fvuru Formu<\/span> Devam\u0131 &raquo;<\/a><\/p>\n","protected":false},"author":1,"featured_media":0,"parent":0,"menu_order":0,"comment_status":"closed","ping_status":"closed","template":"","meta":{"site-sidebar-layout":"left-sidebar","site-content-layout":"plain-container","ast-global-header-display":"","ast-main-header-display":"","ast-hfb-above-header-display":"","ast-hfb-below-header-display":"","ast-hfb-mobile-header-display":"","site-post-title":"disabled","ast-breadcrumbs-content":"","ast-featured-img":"disabled","footer-sml-layout":"","theme-transparent-header-meta":"default","adv-header-id-meta":"","stick-header-meta":"","header-above-stick-meta":"","header-main-stick-meta":"","header-below-stick-meta":""},"_links":{"self":[{"href":"https:\/\/akturkhelva.com\/index.php\/wp-json\/wp\/v2\/pages\/1159"}],"collection":[{"href":"https:\/\/akturkhelva.com\/index.php\/wp-json\/wp\/v2\/pages"}],"about":[{"href":"https:\/\/akturkhelva.com\/index.php\/wp-json\/wp\/v2\/types\/page"}],"author":[{"embeddable":true,"href":"https:\/\/akturkhelva.com\/index.php\/wp-json\/wp\/v2\/users\/1"}],"replies":[{"embeddable":true,"href":"https:\/\/akturkhelva.com\/index.php\/wp-json\/wp\/v2\/comments?post=1159"}],"version-history":[{"count":13,"href":"https:\/\/akturkhelva.com\/index.php\/wp-json\/wp\/v2\/pages\/1159\/revisions"}],"predecessor-version":[{"id":1295,"href":"https:\/\/akturkhelva.com\/index.php\/wp-json\/wp\/v2\/pages\/1159\/revisions\/1295"}],"wp:attachment":[{"href":"https:\/\/akturkhelva.com\/index.php\/wp-json\/wp\/v2\/media?parent=1159"}],"curies":[{"name":"wp","href":"https:\/\/api.w.org\/{rel}","templated":true}]}}