{"id":1202,"date":"2021-07-09T02:05:34","date_gmt":"2021-07-09T02:05:34","guid":{"rendered":"https:\/\/akturkhelva.com\/?page_id=1202"},"modified":"2022-04-23T22:06:34","modified_gmt":"2022-04-23T22:06:34","slug":"basvuru-aydinlatma-metni","status":"publish","type":"page","link":"https:\/\/akturkhelva.com\/index.php\/basvuru-aydinlatma-metni\/","title":{"rendered":"Ba\u015fvuru Ayd\u0131nlatma Metni"},"content":{"rendered":"\t\t<div data-elementor-type=\"wp-page\" data-elementor-id=\"1202\" class=\"elementor elementor-1202\">\n\t\t\t\t\t\t\t\t\t<section class=\"elementor-section elementor-top-section elementor-element elementor-element-e73cc15 elementor-section-boxed elementor-section-height-default elementor-section-height-default\" data-id=\"e73cc15\" data-element_type=\"section\" data-settings=\"{&quot;_ha_eqh_enable&quot;:false}\">\n\t\t\t\t\t\t<div class=\"elementor-container elementor-column-gap-default\">\n\t\t\t\t\t<div class=\"elementor-column elementor-col-100 elementor-top-column elementor-element elementor-element-3f6d5ba\" data-id=\"3f6d5ba\" data-element_type=\"column\">\n\t\t\t<div class=\"elementor-widget-wrap elementor-element-populated\">\n\t\t\t\t\t\t\t\t<div class=\"elementor-element elementor-element-fcfa204 elementor-widget elementor-widget-heading\" data-id=\"fcfa204\" data-element_type=\"widget\" data-widget_type=\"heading.default\">\n\t\t\t\t<div class=\"elementor-widget-container\">\n\t\t\t<h2 class=\"elementor-heading-title elementor-size-default\">III. K\u0130\u015e\u0130LERCE YAPILACAK\n TALEP\/\u015e\u0130KAYET\/\u00d6NER\u0130 VE BENZER\u0130 NEDENLERLE BA\u015eVULARA DA\u0130R\nAYDINLATMA METN\u0130\n<\/h2>\t\t<\/div>\n\t\t\t\t<\/div>\n\t\t\t\t\t<\/div>\n\t\t<\/div>\n\t\t\t\t\t\t\t<\/div>\n\t\t<\/section>\n\t\t\t\t<section class=\"elementor-section elementor-top-section elementor-element elementor-element-ced7741 elementor-section-boxed elementor-section-height-default elementor-section-height-default\" data-id=\"ced7741\" data-element_type=\"section\" data-settings=\"{&quot;_ha_eqh_enable&quot;:false}\">\n\t\t\t\t\t\t<div class=\"elementor-container elementor-column-gap-default\">\n\t\t\t\t\t<div class=\"elementor-column elementor-col-100 elementor-top-column elementor-element elementor-element-5a5c86d\" data-id=\"5a5c86d\" data-element_type=\"column\">\n\t\t\t<div class=\"elementor-widget-wrap elementor-element-populated\">\n\t\t\t\t\t\t\t\t<div class=\"elementor-element elementor-element-47772ba elementor-widget elementor-widget-text-editor\" data-id=\"47772ba\" data-element_type=\"widget\" data-widget_type=\"text-editor.default\">\n\t\t\t\t<div class=\"elementor-widget-container\">\n\t\t\t\t\t\t\t<p>Akt\u00fcrk \u015eekerli Mam\u00fcller \u00dcretim ve Pazarlama \u0130n\u015faat Sanayi ve Ticaret Limited \u015eirketi (\u015eirket) olarak; hangi ki\u015fisel verilerinizi ne ama\u00e7larla i\u015fleyece\u011fimizi size a\u00e7\u0131klamak amac\u0131yla bu Ayd\u0131nlatma Metni taraf\u0131m\u0131zca haz\u0131rlanm\u0131\u015ft\u0131r. \u015eirketimizle payla\u015ft\u0131\u011f\u0131n\u0131z ki\u015fisel verileriniz her ko\u015fulda;<\/p><ul><li>Hukuka ve d\u00fcr\u00fcstl\u00fck kurallar\u0131na uygun olarak,<\/li><li>Payla\u015ft\u0131\u011f\u0131n\u0131z ki\u015fisel verilerin do\u011frulu\u011funu ve en g\u00fcncel halini koruyarak,<\/li><li>Belirli, a\u00e7\u0131k ve hukuka uygun ama\u00e7lar i\u00e7in,<\/li><li>\u0130\u015flenecekleri ama\u00e7la ba\u011flant\u0131l\u0131, s\u0131n\u0131rl\u0131 ve \u00f6l\u00e7\u00fcl\u00fc olacak \u015fekilde,<\/li><li>\u0130lgili mevzuatta \u00f6ng\u00f6r\u00fclen veya i\u015flendikleri ama\u00e7 i\u00e7in gerekli olan s\u00fcre kadar saklayarak i\u015flenmektedir.<\/li><\/ul><p><strong>AKT\u00dcRK \u015eEKERL\u0130 MAM\u00dcLLER \u00dcRET\u0130M PAZARLAMA \u0130N\u015eAAT SAN. ve T\u0130C. LTD. \u015e\u0130RKET\u0130 OLARAK <\/strong><strong>BU B\u0130LG\u0130LEND\u0130RMEYE NEDEN \u0130HT\u0130YA\u00c7 DUYDUK?<\/strong><\/p><p>6698 say\u0131l\u0131 Ki\u015fisel Verilerin Korunmas\u0131 Hakk\u0131nda Kanun uyar\u0131nca ger\u00e7ek ki\u015filere ili\u015fkin her t\u00fcrl\u00fc bilgi ki\u015fisel veri kabul edilmektedir. \u015eirketimize yapm\u0131\u015f oldu\u011funuz ba\u015fvurunuz (talep\/\u015fikayet\/\u00f6neri vb.) s\u0131ras\u0131nda verdi\u011finiz kimlik bilgileriniz, ileti\u015fim bilgileriniz ve sair di\u011fer ki\u015fisel verileriniz ilgili Kanun kapsam\u0131nda olup, payla\u015ft\u0131\u011f\u0131n\u0131z bu ki\u015fisel verilerle ilgili olarak sizleri bilgilendirmekle kanunen y\u00fck\u00fcml\u00fcy\u00fcz.<\/p><p><strong>\u0130\u015eLENEN K\u0130\u015e\u0130SEL VER\u0130LER\u0130N\u0130Z VE \u0130\u015eLEME AMACI:<\/strong><\/p><p>Ba\u015fvurunuz s\u0131ras\u0131nda taraf\u0131n\u0131zca bizimle payla\u015ft\u0131\u011f\u0131n\u0131z ad\/soyad, adres, cep\/ev\/i\u015f telefon numaralar\u0131n\u0131z, e-posta adresiniz ve vermi\u015f oldu\u011funuz di\u011fer ki\u015fisel verileriniz ba\u015fvurunuzun de\u011ferlendirilmesi ve taraf\u0131n\u0131za konu hakk\u0131nda d\u00f6n\u00fc\u015f yap\u0131labilmesi amac\u0131yla i\u015flenmekte ve saklanmaktad\u0131r.<\/p><p><strong>\u00d6ZEL N\u0130TEL\u0130KL\u0130 K\u0130\u015e\u0130SEL VER\u0130LER\u0130N\u0130Z:<\/strong><\/p><p>6698 say\u0131l\u0131 KVKK kapsam\u0131nda, \u0131rk\u0131n\u0131za, etnik k\u00f6keninize, siyasi d\u00fc\u015f\u00fcncenize, felsefi inanc\u0131n\u0131za, dini, mezhebi veya di\u011fer inan\u00e7lar\u0131n\u0131za, k\u0131l\u0131k ve k\u0131yafetinize, dernek, vak\u0131f ya da sendika \u00fcyeliklerinize, sa\u011fl\u0131\u011f\u0131n\u0131z, cinsel hayat\u0131n\u0131z, varsa ceza mahk\u00fbmiyetinize ve hakk\u0131n\u0131zdaki g\u00fcvenlik tedbirleriyle ilgili verileriniz ile biyometrik ve genetik verileriniz sizin \u00f6zel nitelikli verilerinizdir.<\/p><p><strong>L\u00fctfen, yukar\u0131da belirtilen bu \u00f6zel nitelikteki ki\u015fisel verilerinize \u015firketimize yapm\u0131\u015f oldu\u011funuz ba\u015fvurular\u0131n\u0131zda yer vermeyeniz. <\/strong><\/p><p><strong>K\u0130\u015e\u0130SEL VER\u0130LER\u0130N\u0130Z K\u0130MLERLE PAYLA\u015eILAB\u0130L\u0130R?<\/strong><\/p><p>Ba\u015fvurunuz s\u0131ras\u0131nda \u015firketimizle payla\u015ft\u0131\u011f\u0131n\u0131z ki\u015fisel verileriniz ba\u015fvurunuzla ilgili \u015firket \u00e7al\u0131\u015fanlar\u0131m\u0131z, \u015firket y\u00f6netici ve ortaklar\u0131m\u0131z ile ba\u015fvurunuzla do\u011frudan ilgili olan ve \u015firketimizle ticari ve\/veya hukuki ili\u015fki i\u00e7erisinde bulunan ger\u00e7ek ve t\u00fczel ki\u015filer ve ayr\u0131ca ilgili ve yetkili kamu kurum ve kurulu\u015flar\u0131 ile ba\u015fvurunuzun de\u011ferlendirilmesi amac\u0131yla payla\u015fabilecektir.<\/p><p><strong>K\u0130\u015e\u0130SEL VER\u0130LER\u0130N TOPLANMA Y\u00d6NTEM\u0130 ve HUKUK\u0130 SEBEB\u0130:<\/strong><\/p><p>Ki\u015fisel veriler, kullan\u0131c\u0131lardan elektronik ortamda tamamen otomatik yollarla ve\/veya fiziki ortamda veri kay\u0131t sisteminin bir par\u00e7as\u0131 olarak yar\u0131 otomatik yollarla toplanmaktad\u0131r. Yukar\u0131da belirtilen hukuki sebeplerle toplanan KVKK.\u2019nun 5. ve 6. maddelerinde ve bu ayd\u0131nlatma metninde belirtilen ama\u00e7larla i\u015flenebilmekte ve yine an\u0131lan kanunun 8. ve 9. maddelerine uygun \u015fekilde aktar\u0131labilmektedir.<\/p><p><strong>K\u0130\u015e\u0130SEL VER\u0130N\u0130Z NE KADAR S\u00dcRE \u0130LE SAKLANIR?<\/strong><\/p><p>Ki\u015fisel verileriniz, ba\u015fvuru sebebinize g\u00f6re ilgili mevzuatlarda belirtilen veya i\u015flendikleri ama\u00e7 i\u00e7in gerekli olan ve her halde kanuni zamana\u015f\u0131m\u0131 s\u00fcreleri kadar muhafaza edilecektir.<\/p><p><strong>HAKLARINIZ:<\/strong><\/p><p>6698 say\u0131l\u0131 Kanun\u2019un 11. maddesi uyar\u0131nca ilgili ki\u015filer;<\/p><p>.\u00a0 Kendileri ile ilgili ki\u015fisel veri i\u015flenip i\u015flenmedi\u011fini \u00f6\u011frenme,<\/p><p>.\u00a0 Ki\u015fisel verileri i\u015flenmi\u015fse buna ili\u015fkin bilgi talep etme,<\/p><p>. Ki\u015fisel verilerin i\u015flenme amac\u0131n\u0131 ve bunlar\u0131n amac\u0131na uygun kullan\u0131l\u0131p kullan\u0131lmad\u0131\u011f\u0131n\u0131 \u00f6\u011frenme,<\/p><p>. Yurt i\u00e7inde veya yurt d\u0131\u015f\u0131nda ki\u015fisel verilerin aktar\u0131ld\u0131\u011f\u0131 \u00fc\u00e7\u00fcnc\u00fc ki\u015fileri bilme,<\/p><p>. Ki\u015fisel verilerin eksik veya yanl\u0131\u015f i\u015flenmi\u015f olmas\u0131 h\u00e2linde bunlar\u0131n d\u00fczeltilmesini isteme ve bu kapsamda yap\u0131lan i\u015flemin ki\u015fisel verilerin aktar\u0131ld\u0131\u011f\u0131 \u00fc\u00e7\u00fcnc\u00fc ki\u015filere bildirilmesini isteme,<\/p><p>.\u00a0 Kanun ve ilgili di\u011fer kanun h\u00fck\u00fcmlerine uygun olarak i\u015flenmi\u015f olmas\u0131na ra\u011fmen, i\u015flenmesini gerektiren sebeplerin ortadan kalkmas\u0131 h\u00e2linde ki\u015fisel verilerin silinmesini veya yok edilmesini isteme ve bu kapsamda yap\u0131lan i\u015flemin ki\u015fisel verilerin aktar\u0131ld\u0131\u011f\u0131 \u00fc\u00e7\u00fcnc\u00fc ki\u015filere bildirilmesini isteme,<\/p><p>. \u0130\u015flenen verilerin m\u00fcnhas\u0131ran otomatik sistemler vas\u0131tas\u0131yla analiz edilmesi suretiyle ki\u015finin kendisi aleyhine bir sonucun ortaya \u00e7\u0131kmas\u0131na itiraz etme ve<\/p><p>. Ki\u015fisel verilerin kanuna ayk\u0131r\u0131 olarak i\u015flenmesi sebebiyle zarara u\u011framas\u0131 h\u00e2linde zarar\u0131n giderilmesini talep etme haklar\u0131na sahiptir.<\/p><p>Bu ba\u011flamda yukar\u0131da say\u0131lan haklar\u0131n\u0131z\u0131 kullanmak \u00fczere taraf\u0131m\u0131za ba\u015fvuruda bulunabilirsiniz.<\/p><p>Ki\u015fisel verileriniz ile ilgili imha taleplerinizde de\u011ferlendirme yap\u0131l\u0131rken hangi imha y\u00f6nteminin uygun oldu\u011fu somut olay\u0131n ko\u015fullar\u0131na g\u00f6re taraf\u0131m\u0131zca de\u011ferlendirilecektir. Bu ba\u011flamda se\u00e7ti\u011fimiz imha y\u00f6ntemini neden se\u00e7ti\u011fimiz ile ilgili bizden her zaman bilgi talep edebilirsiniz.<\/p><p>M\u00fcnhas\u0131ran bir otomatik sistem kullan\u0131larak olu\u015fturulmu\u015f ki\u015fisel veri analizinizin sonu\u00e7lar\u0131na bu sonu\u00e7lar \u00e7\u0131karlar\u0131n\u0131za ayk\u0131r\u0131ysa itiraz edebilirsiniz.<\/p><p>Ki\u015fisel verilerinizin kanuna ayk\u0131r\u0131 olarak i\u015flenmesi sebebiyle zarara u\u011framan\u0131z halinde zarar\u0131n giderilmesini talep edebilirsiniz.<\/p><p>Ba\u015fvurunuzda yer alan talepleriniz, talebin niteli\u011fine g\u00f6re en ge\u00e7 30 g\u00fcn i\u00e7inde \u00fccretsiz olarak sonu\u00e7land\u0131r\u0131lacakt\u0131r. Ancak, i\u015flemin \u015firket i\u00e7in ayr\u0131ca bir maliyeti gerektirmesi h\u00e2linde, Ki\u015fisel Verileri Koruma Kurulu taraf\u0131ndan belirlenen tarifedeki \u00fccret al\u0131nabilir.<\/p><p><u>Ki\u015fisel verilerinizin i\u015flenmesi ile ilgili hususlarda ba\u015fvurunuzu \u015firketin internet adresinde bulunan ba\u015fvuru formunu doldurup imzalamak ve kimli\u011finizi ispatlamak suretiyle \u015eirketimize teslim etmeniz gerekmektedir. Ayr\u0131ca, \u015firketimiz kay\u0131tlar\u0131nda taraf\u0131n\u0131za ait ve do\u011frulanm\u0131\u015f e-posta adres bilginiz bulunmakta ise, bu e-posta adresi \u00fczerinden yapaca\u011f\u0131n\u0131z ba\u015fvurular\u0131n\u0131za da m\u00fcmk\u00fcn olan en k\u0131sa s\u00fcrede ve en ge\u00e7 30 g\u00fcn i\u00e7erisinde cevap verilecektir. <\/u><\/p><p><strong>\u00a0<\/strong><\/p><p><strong>\u0130LET\u0130\u015e\u0130M B\u0130LG\u0130LER\u0130M\u0130Z<\/strong><\/p><p>Akt\u00fcrk \u015eekerli Mam\u00fcller \u00dcretim ve Pazarlama \u0130n\u015faat Sanayi ve Ticaret Limited \u015eirketi<\/p><p><strong>\u0130leti\u015fim Linki\u00a0\u00a0\u00a0\u00a0\u00a0\u00a0\u00a0\u00a0\u00a0\u00a0 :<\/strong> www.akturkhelva.com.tr<\/p><p><strong>Adres\u00a0\u00a0\u00a0\u00a0\u00a0\u00a0\u00a0\u00a0\u00a0\u00a0\u00a0\u00a0\u00a0\u00a0\u00a0\u00a0\u00a0\u00a0\u00a0\u00a0\u00a0\u00a0\u00a0\u00a0 : <\/strong>Macun Mahallesi 223. Cadde No:12 Yenimahalle \/ Ankara<\/p><p>\u00a0<\/p><p>Akt\u00fcrk \u015eekerli Mam\u00fcller \u00dcretim ve Pazarlama \u0130n\u015faat Sanayi ve Ticaret Limited \u015eirketi olarak ba\u015fvurunuz s\u0131ras\u0131nda bizimle payla\u015ft\u0131\u011f\u0131n\u0131z ki\u015fisel verilerinizi hi\u00e7bir surette ticari reklam, tan\u0131t\u0131m ve sair sat\u0131\u015f ve pazarlama ama\u00e7lar\u0131 ile kullanmayaca\u011f\u0131m\u0131z\u0131, ba\u015fvurunuzla ilgili olmayan hi\u00e7bir ger\u00e7ek veya \u00f6zel hukuk t\u00fczel ki\u015fisi ile payla\u015fmayaca\u011f\u0131m\u0131z\u0131 beyan ve taahh\u00fct ederiz.<\/p><p>\u00a0<\/p><p>\u0130lgilinin Ad\u0131\/Soyad\u0131:<\/p><p>\u0130mza:<\/p>\t\t\t\t\t\t<\/div>\n\t\t\t\t<\/div>\n\t\t\t\t\t<\/div>\n\t\t<\/div>\n\t\t\t\t\t\t\t<\/div>\n\t\t<\/section>\n\t\t\t\t\t\t\t<\/div>\n\t\t","protected":false},"excerpt":{"rendered":"<p>III. K\u0130\u015e\u0130LERCE YAPILACAK TALEP\/\u015e\u0130KAYET\/\u00d6NER\u0130 VE BENZER\u0130 NEDENLERLE BA\u015eVULARA DA\u0130R AYDINLATMA METN\u0130 Akt\u00fcrk \u015eekerli Mam\u00fcller \u00dcretim ve Pazarlama \u0130n\u015faat Sanayi ve Ticaret Limited \u015eirketi (\u015eirket) olarak; hangi ki\u015fisel verilerinizi ne ama\u00e7larla i\u015fleyece\u011fimizi size a\u00e7\u0131klamak amac\u0131yla bu Ayd\u0131nlatma Metni taraf\u0131m\u0131zca haz\u0131rlanm\u0131\u015ft\u0131r. \u015eirketimizle payla\u015ft\u0131\u011f\u0131n\u0131z ki\u015fisel verileriniz her ko\u015fulda; Hukuka ve d\u00fcr\u00fcstl\u00fck kurallar\u0131na uygun olarak, Payla\u015ft\u0131\u011f\u0131n\u0131z ki\u015fisel verilerin do\u011frulu\u011funu &hellip;<\/p>\n<p class=\"read-more\"> <a class=\"\" href=\"https:\/\/akturkhelva.com\/index.php\/basvuru-aydinlatma-metni\/\"> <span class=\"screen-reader-text\">Ba\u015fvuru Ayd\u0131nlatma Metni<\/span> Devam\u0131 &raquo;<\/a><\/p>\n","protected":false},"author":1,"featured_media":0,"parent":0,"menu_order":0,"comment_status":"closed","ping_status":"closed","template":"","meta":{"site-sidebar-layout":"left-sidebar","site-content-layout":"plain-container","ast-global-header-display":"","ast-main-header-display":"","ast-hfb-above-header-display":"","ast-hfb-below-header-display":"","ast-hfb-mobile-header-display":"","site-post-title":"disabled","ast-breadcrumbs-content":"","ast-featured-img":"disabled","footer-sml-layout":"","theme-transparent-header-meta":"default","adv-header-id-meta":"","stick-header-meta":"","header-above-stick-meta":"","header-main-stick-meta":"","header-below-stick-meta":""},"_links":{"self":[{"href":"https:\/\/akturkhelva.com\/index.php\/wp-json\/wp\/v2\/pages\/1202"}],"collection":[{"href":"https:\/\/akturkhelva.com\/index.php\/wp-json\/wp\/v2\/pages"}],"about":[{"href":"https:\/\/akturkhelva.com\/index.php\/wp-json\/wp\/v2\/types\/page"}],"author":[{"embeddable":true,"href":"https:\/\/akturkhelva.com\/index.php\/wp-json\/wp\/v2\/users\/1"}],"replies":[{"embeddable":true,"href":"https:\/\/akturkhelva.com\/index.php\/wp-json\/wp\/v2\/comments?post=1202"}],"version-history":[{"count":10,"href":"https:\/\/akturkhelva.com\/index.php\/wp-json\/wp\/v2\/pages\/1202\/revisions"}],"predecessor-version":[{"id":1277,"href":"https:\/\/akturkhelva.com\/index.php\/wp-json\/wp\/v2\/pages\/1202\/revisions\/1277"}],"wp:attachment":[{"href":"https:\/\/akturkhelva.com\/index.php\/wp-json\/wp\/v2\/media?parent=1202"}],"curies":[{"name":"wp","href":"https:\/\/api.w.org\/{rel}","templated":true}]}}